 are the prime factors of 121188578?
2, 7, 61, 141907
What are the prime factors of 15860939?
53, 101, 2963
List the prime factors of 115148117.
7, 59, 278809
What are the prime factors of 559433179?
53, 10555343
List the prime factors of 3580913209.
127, 28196167
List the prime factors of 6143571017.
19, 323345843
List the prime factors of 656769746.
2, 53, 409, 15149
What are the prime factors of 25940776?
2, 17, 19, 10039
List the prime factors of 250498674.
2, 3, 769, 18097
List the prime factors of 405778263.
3, 11, 239, 51449
List the prime factors of 1420469997.
3, 37, 1439, 8893
What are the prime factors of 136163509?
136163509
What are the prime factors of 4125078434?
2, 22003, 93739
What are the prime factors of 29140951?
7, 4162993
List the prime factors of 210728805.
3, 5, 7, 151, 13291
What are the prime factors of 65677185?
3, 5, 7, 208499
What are the prime factors of 214279885?
5, 61, 702557
What are the prime factors of 16694418?
2, 3, 13, 214031
List the prime factors of 1119863378.
2, 559931689
List the prime factors of 28943720.
2, 5, 13, 55661
List the prime factors of 260686130.
2, 5, 31, 840923
What are the prime factors of 379922066?
2, 189961033
List the prime factors of 464377507.
11, 3407, 12391
List the prime factors of 346559439.
3, 115519813
What are the prime factors of 45835734?
2, 3, 7, 23, 2063
List the prime factors of 279078840.
2, 3, 5, 19, 40801
What are the prime factors of 2326274392?
2, 13, 22368023
List the prime factors of 179950712.
2, 17, 23, 57529
What are the prime factors of 750196630?
2, 5, 75019663
What are the prime factors of 361754300?
2, 5, 19, 47, 4051
What are the prime factors of 1195632990?
2, 3, 5, 109, 307, 397
List the prime factors of 139630501.
1597, 87433
List the prime factors of 133846928.
2, 59, 71, 1997
List the prime factors of 2719347216.
2, 3, 56653067
List the prime factors of 1929343062.
2, 3, 321557177
List the prime factors of 163213570.
2, 5, 13, 601, 2089
What are the prime factors of 99867183?
3, 13, 2560697
What are the prime factors of 99460421?
17, 19, 71, 4337
List the prime factors of 1704725176.
2, 7, 11, 2767411
List the prime factors of 239552166.
2, 3, 7, 5703623
List the prime factors of 474524873.
97, 4892009
What are the prime factors of 236760252?
2, 3, 23, 857827
What are the prime factors of 1758999727?
19, 23, 29, 138799
What are the prime factors of 6683120726?
2, 47, 71097029
List the prime factors of 168483774.
2, 3, 79, 191, 1861
What are the prime factors of 56287526?
2, 73, 385531
What are the prime factors of 4806179501?
11597, 414433
List the prime factors of 44812237.
44812237
What are the prime factors of 389177407?
137, 383, 7417
List the prime factors of 1083602239.
37, 29286547
List the prime factors of 2704314649.
79, 193, 919
List the prime factors of 9303594.
2, 3, 173, 8963
List the prime factors of 590582103.
3, 196860701
List the prime factors of 423560150.
2, 5, 13, 373, 1747
What are the prime factors of 693307127?
101, 6864427
What are the prime factors of 1140189030?
2, 3, 5, 12668767
What are the prime factors of 43405601?
197, 220333
List the prime factors of 274949493.
3, 7, 13, 29, 34729
List the prime factors of 78893528.
2, 7, 313, 643
What are the prime factors of 8514593?
41, 207673
List the prime factors of 521311802.
2, 11, 41, 52541
List the prime factors of 1194146506.
2, 7, 577, 147827
List the prime factors of 108947836.
2, 1087, 25057
What are the prime factors of 247381368?
2, 3, 13, 19, 29, 1439
List the prime factors of 19894936.
2, 2486867
List the prime factors of 845703559.
845703559
List the prime factors of 249386117.
61, 983, 4159
What are the prime factors of 992331327?
3, 13, 17, 115133
List the prime factors of 395292012.
2, 3, 32941001
List the prime factors of 26615430.
2, 3, 5, 295727
What are the prime factors of 2906115072?
2, 3, 7, 149, 907
What are the prime factors of 69755757?
3, 23, 61, 16573
What are the prime factors of 2865952?
2, 89561
List the prime factors of 30052050.
2, 3, 5, 7, 28621
What are the prime factors of 4645346572?
2, 1161336643
List the prime factors of 1012084886.
2, 506042443
What are the prime factors of 704933741?
281, 389, 6449
What are the prime factors of 236569717?
236569717
List the prime factors of 48564161.
48564161
List the prime factors of 200585952.
2, 3, 7, 99497
List the prime factors of 966516797.
347, 2785351
What are the prime factors of 91844803?
19, 4833937
List the prime factors of 61476239.
11, 5588749
What are the prime factors of 257573446?
2, 13, 9906671
What are the prime factors of 1471598882?
2, 13, 163, 347239
List the prime factors of 973941324.
2, 3, 1033, 78569
List the prime factors of 26181185.
5, 5236237
What are the prime factors of 213633274?
2, 317, 336961
What are the prime factors of 6633736953?
3, 2211245651
List the prime factors of 42682682.
2, 7, 17, 37, 131
What are the prime factors of 735973163?
17, 101, 428639
What are the prime factors of 62863533?
3, 19, 40847
What are the prime factors of 1225973?
7, 43, 4073
What are the prime factors of 310605355?
5, 6359, 9769
What are the prime factors of 123816579?
3, 239, 172687
List the prime factors of 1395193931.
4073, 342547
What are the prime factors of 198106436?
2, 11, 37, 121687
List the prime factors of 164268915.
3, 5, 1453, 7537
What are the prime factors of 1800231939?
3, 11, 61, 99367
List the prime factors of 120737597.
349, 345953
What are the prime factors of 198771157?
13, 17, 41, 21937
What are the prime factors of 812271454?
2, 107, 3795661
List the prime factors of 26053748.
2, 7, 930491
List the prime factors of 6520261.
11, 31, 19121
What are the prime factors of 538638317?
7, 59, 1304209
List the prime factors of 85670425.
5, 47, 72911
What are the prime factors of 182927943?
3, 11, 615919
What are the prime factors of 48405826?
2, 7, 493937
List the prime factors of 708002519.
7, 17, 849943
What are the prime factors of 2438578705?
5, 487715741
What are the prime factors of 108797605?
5, 7, 53, 89, 659
List the prime factors of 1156613283.
3, 7, 6119647
What are the prime factors of 102627995?
5, 811, 25309
What are the prime factors of 377279660?
2, 5, 823, 22921
List the prime factors of 496768518.
2, 3, 9199417
List the prime factors of 1879972319.
17, 7103, 15569
List the prime factors of 236734760.
2, 5, 271, 21839
List the prime factors of 347765175.
3, 5, 17, 23, 59, 67
What are the prime factors of 261282482?
2, 271, 482071
What are the prime factors of 541838135?
5, 509, 212903
What are the prime factors of 51133974?
2, 3, 503, 16943
List the prime factors of 45221745.
3, 5, 1117, 2699
What are the prime factors of 5131861689?
3, 17, 151, 271, 2459
What are the prime factors of 492001712?
2, 30750107
List the prime factors of 138527155.
5, 13, 97, 127, 173
List the prime factors of 61709431.
7, 1009, 8737
List the prime factors of 1090975076.
2, 2087, 130687
List the prime factors of 28858342.
2, 41, 351931
List the prime factors of 289503668.
2, 23, 31, 83, 1223
List the prime factors of 1597495650.
2, 3, 5, 1609, 6619
List the prime factors of 221841910.
2, 5, 19, 97, 12037
List the prime factors of 737559390.
2, 3, 5, 659, 37307
What are the prime factors of 29503675?
5, 19, 179, 347
List the prime factors of 1228172549.
1228172549
List the prime factors of 166413361.
131, 1009, 1259
List the prime factors of 2197826432.
2, 2897, 5927
What are the prime factors of 7271260?
2, 5, 363563
List the prime factors of 349791179.
101, 1193, 2903
List the prime factors of 113766484.
2, 13, 2187817
What are the prime factors of 2145342633?
3, 7, 102159173
List the prime factors of 142151191.
7, 13, 1562101
What are the prime factors of 65395411?
233, 467, 601
What are the prime factors of 1476137439?
3, 7, 29, 107, 839
List the prime factors of 276982211.
11, 613, 41077
What are the prime factors of 40564544?
2, 19, 33359
What are the prime factors of 25336744?
2, 107, 29599
List the prime factors of 13366298.
2, 11, 751, 809
List the prime factors of 91374140.
2, 5, 11, 13, 43, 743
List the prime factors of 161485751.
7, 1543, 14951
List the prime factors of 518481904.
2, 569, 56951
What are the prime factors of 3084148176?
2, 3, 211, 304517
List the